{"id":1103,"date":"2019-03-09T13:33:12","date_gmt":"2019-03-09T12:33:12","guid":{"rendered":"https:\/\/www.usc-krumbach.at\/demo\/?page_id=1103"},"modified":"2023-08-24T14:38:00","modified_gmt":"2023-08-24T12:38:00","slug":"friendcard","status":"publish","type":"page","link":"https:\/\/www.usc-krumbach.at\/?page_id=1103","title":{"rendered":"Friendcard"},"content":{"rendered":"<div class=\"wp-block-image\">\n<figure class=\"alignright is-resized\"><img decoding=\"async\" loading=\"lazy\" src=\"https:\/\/www.usc-krumbach.at\/demo\/wp-content\/uploads\/2019\/04\/friend-card.jpg\" alt=\"\" class=\"wp-image-1800\" width=\"502\" height=\"325\" srcset=\"https:\/\/www.usc-krumbach.at\/wp-content\/uploads\/2019\/04\/friend-card.jpg 1004w, https:\/\/www.usc-krumbach.at\/wp-content\/uploads\/2019\/04\/friend-card-300x194.jpg 300w, https:\/\/www.usc-krumbach.at\/wp-content\/uploads\/2019\/04\/friend-card-768x497.jpg 768w, https:\/\/www.usc-krumbach.at\/wp-content\/uploads\/2019\/04\/friend-card-370x240.jpg 370w, https:\/\/www.usc-krumbach.at\/wp-content\/uploads\/2019\/04\/friend-card-770x499.jpg 770w\" sizes=\"(max-width: 502px) 100vw, 502px\" \/><\/figure><\/div>\n\n\n<h4 class=\"wp-block-heading\">Deine Vorteile<\/h4>\n\n\n\n<ul>\n<li>Zu Saisonbeginn im Sommer bekommst du kostenlos zugesandt:\n<ul>\n<li>USC Friendcard &#8211; entspricht der Saisonkarte<\/li>\n\n\n\n<li>Auslosung f\u00fcr Kampf- und Reservemannschaft<\/li>\n\n\n\n<li>Auslosung f\u00fcr alle Nachwuchsmannschaften<\/li>\n<\/ul>\n<\/li>\n\n\n\n<li>Als USC Friendcard Besitzer habe ich freien Eintritt bei allen Veranstaltungen des USC Krumbach wie z.B.:\n<ul>\n<li>Festaktivit\u00e4ten<\/li>\n\n\n\n<li>Sporttage<\/li>\n\n\n\n<li>3-K\u00f6nigs-Turnier<\/li>\n\n\n\n<li>uvm &#8230;<\/li>\n\n\n\n<li><\/li>\n<\/ul>\n<\/li>\n<\/ul>\n\n\n\n<h4 class=\"wp-block-heading\">Dein Beitrag<\/h4>\n\n\n\n<p>Der Mitgliedsbeitrag betr\u00e4gt \u20ac 150,00 wird einmal j\u00e4hrlich eingezahlt. (Zahlschein wird zugeschickt)<br>Au\u00dferdem beinhaltet der USC-Friend-Beitrag den Mitgliedsbeitrag des USC Krumbach in H\u00f6he von \u20ac 50,00 pro Jahr.<\/p>\n\n\n\n<h4 class=\"wp-block-heading\">So wirst du Friend<\/h4>\n\n\n\n<p>Informiere dich beim n\u00e4chsten Heimspiel einfach in unserer Kantine \ud83d\ude09<\/p>\n\n\n\n<h4 class=\"wp-block-heading\">G\u00fcltig bis<\/h4>\n\n\n\n<p>Die USC Friendcard ist f\u00fcr ein Jahr g\u00fcltig und wird nach Einzahlung des Mitgliedsbeitrages zugesandt. Au\u00dferdem ist die Karte mit dem Namen des Eigent\u00fcmers versehen und ist auch nur f\u00fcr diese Person g\u00fcltig!<\/p>\n\n\n\n<h4 class=\"wp-block-heading\">Wof\u00fcr verwenden wir das Geld?<\/h4>\n\n\n\n<p>Die Einnahmen der Friendscard werden ausschlie\u00dflich zur Deckung der laufenden Instandhaltungs- und Sanierungsarbeiten des Hauptplatzes, des Trainingsplatzes und des Kabinengeb\u00e4udes verwendet. <br>Sowie allen Kosten des laufenden Spielbetriebes.<\/p>\n","protected":false},"excerpt":{"rendered":"<p>Deine Vorteile Dein Beitrag Der Mitgliedsbeitrag betr\u00e4gt \u20ac 150,00 wird einmal j\u00e4hrlich eingezahlt. (Zahlschein wird zugeschickt)Au\u00dferdem beinhaltet der USC-Friend-Beitrag den Mitgliedsbeitrag des USC Krumbach in H\u00f6he von \u20ac 50,00 pro Jahr. So wirst du&hellip;<\/p>\n","protected":false},"author":9,"featured_media":0,"parent":0,"menu_order":0,"comment_status":"closed","ping_status":"closed","template":"","meta":{"jetpack_post_was_ever_published":false},"jetpack_sharing_enabled":true,"_links":{"self":[{"href":"https:\/\/www.usc-krumbach.at\/index.php?rest_route=\/wp\/v2\/pages\/1103"}],"collection":[{"href":"https:\/\/www.usc-krumbach.at\/index.php?rest_route=\/wp\/v2\/pages"}],"about":[{"href":"https:\/\/www.usc-krumbach.at\/index.php?rest_route=\/wp\/v2\/types\/page"}],"author":[{"embeddable":true,"href":"https:\/\/www.usc-krumbach.at\/index.php?rest_route=\/wp\/v2\/users\/9"}],"replies":[{"embeddable":true,"href":"https:\/\/www.usc-krumbach.at\/index.php?rest_route=%2Fwp%2Fv2%2Fcomments&post=1103"}],"version-history":[{"count":10,"href":"https:\/\/www.usc-krumbach.at\/index.php?rest_route=\/wp\/v2\/pages\/1103\/revisions"}],"predecessor-version":[{"id":5594,"href":"https:\/\/www.usc-krumbach.at\/index.php?rest_route=\/wp\/v2\/pages\/1103\/revisions\/5594"}],"wp:attachment":[{"href":"https:\/\/www.usc-krumbach.at\/index.php?rest_route=%2Fwp%2Fv2%2Fmedia&parent=1103"}],"curies":[{"name":"wp","href":"https:\/\/api.w.org\/{rel}","templated":true}]}}