{"id":1097,"date":"2019-03-09T13:32:09","date_gmt":"2019-03-09T12:32:09","guid":{"rendered":"https:\/\/www.usc-krumbach.at\/demo\/?page_id=1097"},"modified":"2019-03-15T17:42:14","modified_gmt":"2019-03-15T16:42:14","slug":"fanclub","status":"publish","type":"page","link":"https:\/\/www.usc-krumbach.at\/?page_id=1097","title":{"rendered":"Fanclub"},"content":{"rendered":"\n<figure class=\"wp-block-image\"><img decoding=\"async\" loading=\"lazy\" width=\"1024\" height=\"576\" src=\"https:\/\/www.usc-krumbach.at\/demo\/wp-content\/uploads\/2019\/03\/usc-krumbach-header-1024x576.png\" alt=\"\" class=\"wp-image-1543\" srcset=\"https:\/\/www.usc-krumbach.at\/wp-content\/uploads\/2019\/03\/usc-krumbach-header-1024x576.png 1024w, https:\/\/www.usc-krumbach.at\/wp-content\/uploads\/2019\/03\/usc-krumbach-header-300x169.png 300w, https:\/\/www.usc-krumbach.at\/wp-content\/uploads\/2019\/03\/usc-krumbach-header-768x432.png 768w, https:\/\/www.usc-krumbach.at\/wp-content\/uploads\/2019\/03\/usc-krumbach-header-370x208.png 370w, https:\/\/www.usc-krumbach.at\/wp-content\/uploads\/2019\/03\/usc-krumbach-header-770x433.png 770w, https:\/\/www.usc-krumbach.at\/wp-content\/uploads\/2019\/03\/usc-krumbach-header-270x152.png 270w, https:\/\/www.usc-krumbach.at\/wp-content\/uploads\/2019\/03\/usc-krumbach-header.png 1045w\" sizes=\"(max-width: 1024px) 100vw, 1024px\" \/><\/figure>\n\n\n\n<h4 class=\"wp-block-heading\" style=\"text-align:center\">Wir unterst\u00fctzen unseren Verein!<\/h4>\n\n\n\n<p style=\"text-align:center\">Wenn wir unsere Mannschaften nicht gerade in der S\u00fcd-Kurve <strong>anfeuern<\/strong>,<br>dann fahren wir gemeinsam mit den Teams zu den Ausw\u00e4rtsspielen und<br><strong>heizen<\/strong> dort so richtig <strong>ein<\/strong>!<\/p>\n\n\n\n<h4 class=\"wp-block-heading\" style=\"text-align:center\">Du m\u00f6chtest ein Teil von uns werden?<\/h4>\n\n\n\n<p style=\"text-align:center\">Komm einfach zu uns in die S\u00fcdkurve und sprich uns<br>Fanclub-Mitglieder einfach an.<\/p>\n\n\n\n<p><\/p>\n","protected":false},"excerpt":{"rendered":"<p>Wir unterst\u00fctzen unseren Verein! Wenn wir unsere Mannschaften nicht gerade in der S\u00fcd-Kurve anfeuern,dann fahren wir gemeinsam mit den Teams zu den Ausw\u00e4rtsspielen undheizen dort so richtig ein! Du m\u00f6chtest ein Teil von uns&hellip;<\/p>\n","protected":false},"author":9,"featured_media":0,"parent":0,"menu_order":0,"comment_status":"closed","ping_status":"closed","template":"","meta":{"jetpack_post_was_ever_published":false},"jetpack_sharing_enabled":true,"_links":{"self":[{"href":"https:\/\/www.usc-krumbach.at\/index.php?rest_route=\/wp\/v2\/pages\/1097"}],"collection":[{"href":"https:\/\/www.usc-krumbach.at\/index.php?rest_route=\/wp\/v2\/pages"}],"about":[{"href":"https:\/\/www.usc-krumbach.at\/index.php?rest_route=\/wp\/v2\/types\/page"}],"author":[{"embeddable":true,"href":"https:\/\/www.usc-krumbach.at\/index.php?rest_route=\/wp\/v2\/users\/9"}],"replies":[{"embeddable":true,"href":"https:\/\/www.usc-krumbach.at\/index.php?rest_route=%2Fwp%2Fv2%2Fcomments&post=1097"}],"version-history":[{"count":9,"href":"https:\/\/www.usc-krumbach.at\/index.php?rest_route=\/wp\/v2\/pages\/1097\/revisions"}],"predecessor-version":[{"id":1552,"href":"https:\/\/www.usc-krumbach.at\/index.php?rest_route=\/wp\/v2\/pages\/1097\/revisions\/1552"}],"wp:attachment":[{"href":"https:\/\/www.usc-krumbach.at\/index.php?rest_route=%2Fwp%2Fv2%2Fmedia&parent=1097"}],"curies":[{"name":"wp","href":"https:\/\/api.w.org\/{rel}","templated":true}]}}